hat is the tens digit of 13318?
1
What is the units digit of 15?
5
What is the hundreds digit of 4398?
3
What is the thousands digit of 2081?
2
What is the units digit of 13828?
8
What is the hundreds digit of 9948?
9
What is the thousands digit of 4164?
4
What is the hundreds digit of 4004?
0
What is the hundreds digit of 11191?
1
What is the ten thousands digit of 31532?
3
What is the thousands digit of 15606?
5
What is the hundreds digit of 533?
5
What is the tens digit of 154915?
1
What is the units digit of 4498?
8
What is the thousands digit of 4620?
4
What is the tens digit of 542?
4
What is the tens digit of 81914?
1
What is the thousands digit of 1511?
1
What is the units digit of 47408?
8
What is the thousands digit of 29669?
9
What is the units digit of 3912?
2
What is the hundreds digit of 22915?
9
What is the units digit of 113352?
2
What is the units digit of 957?
7
What is the hundreds digit of 148777?
7
What is the hundreds digit of 857?
8
What is the units digit of 4570?
0
What is the hundreds digit of 789?
7
What is the hundreds digit of 65297?
2
What is the thousands digit of 1775?
1
What is the thousands digit of 7152?
7
What is the hundreds digit of 2077?
0
What is the thousands digit of 5502?
5
What is the units digit of 305?
5
What is the hundreds digit of 374?
3
What is the units digit of 42204?
4
What is the tens digit of 27919?
1
What is the hundreds digit of 568?
5
What is the units digit of 951?
1
What is the tens digit of 10?
1
What is the tens digit of 3988?
8
What is the units digit of 209?
9
What is the hundreds digit of 3586?
5
What is the thousands digit of 2843?
2
What is the tens digit of 2434?
3
What is the thousands digit of 134895?
4
What is the hundreds digit of 24613?
6
What is the tens digit of 357?
5
What is the hundreds digit of 4881?
8
What is the units digit of 13715?
5
What is the hundreds digit of 2135?
1
What is the thousands digit of 9949?
9
What is the thousands digit of 25989?
5
What is the tens digit of 115273?
7
What is the units digit of 88?
8
What is the hundreds digit of 1993?
9
What is the hundreds digit of 7651?
6
What is the thousands digit of 1985?
1
What is the units digit of 1204?
4
What is the tens digit of 2363?
6
What is the tens digit of 2661?
6
What is the tens digit of 5979?
7
What is the hundreds digit of 22028?
0
What is the tens digit of 923?
2
What is the hundreds digit of 3499?
4
What is the thousands digit of 9605?
9
What is the tens digit of 582?
8
What is the thousands digit of 7815?
7
What is the hundreds digit of 2709?
7
What is the units digit of 2034?
4
What is the units digit of 387?
7
What is the tens digit of 60902?
0
What is the thousands digit of 80529?
0
What is the units digit of 459?
9
What is the tens digit of 3377?
7
What is the hundreds digit of 1740?
7
What is the tens digit of 796?
9
What is the hundreds digit of 11857?
8
What is the hundreds digit of 23067?
0
What is the ten thousands digit of 160869?
6
What is the hundreds digit of 82481?
4
What is the units digit of 5095?
5
What is the hundreds digit of 450?
4
What is the tens digit of 8224?
2
What is the tens digit of 6701?
0
What is the hundreds digit of 2469?
4
What is the tens digit of 1108?
0
What is the units digit of 112966?
6
What is the hundreds digit of 4514?
5
What is the units digit of 646?
6
What is the thousands digit of 2025?
2
What is the thousands digit of 99446?
9
What is the thousands digit of 5419?
5
What is the ten thousands digit of 150105?
5
What is the tens digit of 12539?
3
What is the units digit of 4559?
9
What is the hundreds digit of 16234?
2
What is the hundreds digit of 118798?
7
What is the tens digit of 897?
9
What is the thousands digit of 2205?
2
What is the thousands digit of 2659?
2
What is the tens digit of 30761?
6
What is the hundreds digit of 991?
9
What is the tens digit of 5513?
1
What is the hundreds digit of 21604?
6
What is the tens digit of 40259?
5
What is the thousands digit of 2118?
2
What is the tens digit of 1273?
7
What is the units digit of 25249?
9
What is the tens digit of 11344?
4
What is the hundreds digit of 771?
7
What is the thousands digit of 9972?
9
What is the hundreds digit of 1706?
7
What is the hundreds digit of 870?
8
What is the thousands digit of 1859?
1
What is the hundreds digit of 2151?
1
What is the hundred thousands digit of 140774?
1
What is the hundreds digit of 5391?
3
What is the tens digit of 13236?
3
What is the units digit of 54032?
2
What is the hundreds digit of 999?
9
What is the ten thousands digit of 40653?
4
What is the tens digit of 8892?
9
What is the hundreds digit of 22671?
6
What is the ten thousands digit of 16778?
1
What is the thousands digit of 5731?
5
What is the thousands digit of 3055?
3
What is the ten thousands digit of 51647?
5
What is the thousands digit of 1780?
1
What is the thousands digit of 1206?
1
What is the hundreds digit of 10691?
6
What is the units digit of 498?
8
What is the thousands digit of 29257?
9
What is the thousands digit of 3945?
3
What is the hundreds digit of 44389?
3
What is the hundreds digit of 7607?
6
What is the ten thousands digit of 96778?
9
What is the units digit of 736?
6
What is the hundreds digit of 31657?
6
What is the thousands digit of 137689?
7
What is the hundreds digit of 1177?
1
What is the thousands digit of 12934?
2
What is the thousands digit of 19626?
9
What is the tens digit of 1300?
0
What is the hundreds digit of 48599?
5
What is the tens digit of 43889?
8
What is the thousands digit of 11748?
1
What is the thousands digit of 35311?
5
What is the units digit of 44349?
9
What is the tens digit of 825?
2
What is the tens digit of 4906?
0
What is the hundreds digit of 40678?
6
What is the tens digit of 1615?
1
What is the tens digit of 1703?
0
What is the tens digit of 6664?
6
What is the hundreds digit of 7122?
1
What is the tens digit of 5837?
3
What is the hundreds digit of 108745?
7
What is the hundreds digit of 10263?
2
What is the thousands digit of 2754?
2
What is the hundreds digit of 14478?
4
What is the thousands digit of 17777?
7
What is the units digit of 1010?
0
What is the thousands digit of 17748?
7
What is the tens digit of 686?
8
What is the thousands digit of 2158?
2
What is the hundreds digit of 696?
6
What is the units digit of 19689?
9
What is the hundreds digit of 1618?
6
What is the tens digit of 3880?
8
What is the units digit of 14494?
4
What is the units digit of 62908?
8
What is the units digit of 2964?
4
What is the units digit of 8264?
4
What is the hundreds digit of 771?
7
What is the hundreds digit of 979?
9
What is the tens digit of 6723?
2
What is the thousands digit of 2138?
2
What is the tens digit of 844?
4
What is the thousands digit of 12260?
2
What is the tens digit of 5159?
5
What is the thousands digit of 130335?
0
What is the tens digit of 2733?
3
What is the units digit of 8978?
8
What is the tens digit of 61826?
2
What is the units digit of 13276?
6
What is the tens digit of 370?
7
What is the units digit of 42?
2
What is the units digit of 508?
8
What is the ten thousands digit of 28954?
2
What is the tens digit of 133027?
2
What is the tens digit of 9574?
7
What is the hundred thousands digit of 143542?
1
What is the ten thousands digit of 22762?
2
What is the units digit of 6461?
1
What is the tens digit of 1288?
8
What is the thousands digit of 1127?
1
What is the units digit of 1797?
7
What is the units digit of 23223?
3
What is the hundreds digit of 1210?
2
What is the hundreds digit of 50087?
0
What is the thousands digit of 14149?
4
What is the tens digit of 60388?
8
What is the hundreds digit of 1802?
8
What is the tens digit of 9683?
8
What is the tens digit of 12352?
5
What is the units digit of 767?
7
What is the thousands digit of 127851?
7
What is the units digit of 2733?
3
What is the thousands digit of 4774?
4
What is the units digit of 3898?
8
What is the tens digit of 21701?
0
What is the tens digit of 1113?
1
What is the thousands digit of 6522?
6
What is the hundreds digit of 817?
8
What is the hundreds digit of 67772?
7
What is the tens digit of 775?
7
What is the thousands digit of 1630?
1
What is the tens digit of 1121?
2
What is the tens digit of 2821?
2
What is the hundreds digi